

{"id":3339,"date":"2008-06-05T00:00:00","date_gmt":"2008-06-04T22:00:00","guid":{"rendered":"http:\/\/www.bachipedia.org\/kantaten\/bwv-48-ich-elender-mensch-wer-wird-mich-erloesen\/"},"modified":"2022-09-29T06:11:29","modified_gmt":"2022-09-29T04:11:29","slug":"bwv-48-ich-elender-mensch-wer-wird-mich-erloesen","status":"publish","type":"kantate","link":"https:\/\/www.bachipedia.org\/es\/obra\/bwv-48-ich-elender-mensch-wer-wird-mich-erloesen\/","title":{"rendered":"Ich elender Mensch, wer wird mich erl\u00f6sen"},"content":{"rendered":"<p class=\"description\">(\u00bfDesgraciado de m\u00ed, qui\u00e9n me librar\u00e1\u00a0de este cuerpo mortal?) para contralto y tenor, conjunto vocal, oboe I+II, fagot y continuo<\/p>\n","protected":false},"featured_media":1318,"template":"","altus":[2878],"bwv":[3027],"referenten":[3362],"sopran":[],"tenor":[2912],"class_list":["post-3339","kantate","type-kantate","status-publish","has-post-thumbnail","hentry","altus-sandhoff-ruth-es","bwv-48-es","referenten-2-es-jauch-pia-ursula","sonntag-63-para-el-decimonoveno-domingo-despues-de-la-trinidad","tenor-kaleschke-johannes-es"],"acf":[],"_links":{"self":[{"href":"https:\/\/www.bachipedia.org\/es\/wp-json\/wp\/v2\/kantate\/3339","targetHints":{"allow":["GET"]}}],"collection":[{"href":"https:\/\/www.bachipedia.org\/es\/wp-json\/wp\/v2\/kantate"}],"about":[{"href":"https:\/\/www.bachipedia.org\/es\/wp-json\/wp\/v2\/types\/kantate"}],"wp:featuredmedia":[{"embeddable":true,"href":"https:\/\/www.bachipedia.org\/es\/wp-json\/wp\/v2\/media\/1318"}],"wp:attachment":[{"href":"https:\/\/www.bachipedia.org\/es\/wp-json\/wp\/v2\/media?parent=3339"}],"wp:term":[{"taxonomy":"altus","embeddable":true,"href":"https:\/\/www.bachipedia.org\/es\/wp-json\/wp\/v2\/altus?post=3339"},{"taxonomy":"bwv","embeddable":true,"href":"https:\/\/www.bachipedia.org\/es\/wp-json\/wp\/v2\/bwv?post=3339"},{"taxonomy":"referenten","embeddable":true,"href":"https:\/\/www.bachipedia.org\/es\/wp-json\/wp\/v2\/referenten?post=3339"},{"taxonomy":"sopran","embeddable":true,"href":"https:\/\/www.bachipedia.org\/es\/wp-json\/wp\/v2\/sopran?post=3339"},{"taxonomy":"tenor","embeddable":true,"href":"https:\/\/www.bachipedia.org\/es\/wp-json\/wp\/v2\/tenor?post=3339"}],"curies":[{"name":"wp","href":"https:\/\/api.w.org\/{rel}","templated":true}]}}

Ich elender Mensch, wer wird mich erlösen

<p class="description">(¿Desgraciado de mí, quién me librará de este cuerpo mortal?) para contralto y tenor, conjunto vocal, oboe I+II, fagot y continuo</p>
