

{"id":3368,"date":"2013-10-25T00:00:00","date_gmt":"2013-10-24T22:00:00","guid":{"rendered":"http:\/\/www.bachipedia.org\/kantaten\/bwv-89-was-soll-ich-aus-dir-machen-ephraim\/"},"modified":"2023-05-23T16:22:58","modified_gmt":"2023-05-23T14:22:58","slug":"bwv-89-was-soll-ich-aus-dir-machen-ephraim","status":"publish","type":"kantate","link":"https:\/\/www.bachipedia.org\/es\/obra\/bwv-89-was-soll-ich-aus-dir-machen-ephraim\/","title":{"rendered":"Was soll ich aus dir machen, Ephraim"},"content":{"rendered":"<p class=\"description\">(C\u00f3mo podr\u00e9 abandonarte, oh Efra\u00edn) para soprano, contralto, tenor y bajo, corno da caccia, oboe I+II, fagot, cuerda, \u00f3rgano y bajo continuo<\/p>\n","protected":false},"featured_media":1234,"template":"","altus":[2868],"bwv":[3085],"referenten":[3454],"sopran":[2821],"tenor":[2900],"class_list":["post-3368","kantate","type-kantate","status-publish","has-post-thumbnail","hentry","altus-forster-markus-es","bass-woerner-dominik-es","bwv-89-es","referenten-cerny-thomas-es","sonntag-64-para-el-vigesimo-domingo-despues-de-la-trinidad","sonntag-66-para-el-vigesimosegundo-domingo-despues-de-la-trinidad","sopran-rial-nuria-es","tenor-hoehn-raphael-es"],"acf":[],"_links":{"self":[{"href":"https:\/\/www.bachipedia.org\/es\/wp-json\/wp\/v2\/kantate\/3368","targetHints":{"allow":["GET"]}}],"collection":[{"href":"https:\/\/www.bachipedia.org\/es\/wp-json\/wp\/v2\/kantate"}],"about":[{"href":"https:\/\/www.bachipedia.org\/es\/wp-json\/wp\/v2\/types\/kantate"}],"wp:featuredmedia":[{"embeddable":true,"href":"https:\/\/www.bachipedia.org\/es\/wp-json\/wp\/v2\/media\/1234"}],"wp:attachment":[{"href":"https:\/\/www.bachipedia.org\/es\/wp-json\/wp\/v2\/media?parent=3368"}],"wp:term":[{"taxonomy":"altus","embeddable":true,"href":"https:\/\/www.bachipedia.org\/es\/wp-json\/wp\/v2\/altus?post=3368"},{"taxonomy":"bwv","embeddable":true,"href":"https:\/\/www.bachipedia.org\/es\/wp-json\/wp\/v2\/bwv?post=3368"},{"taxonomy":"referenten","embeddable":true,"href":"https:\/\/www.bachipedia.org\/es\/wp-json\/wp\/v2\/referenten?post=3368"},{"taxonomy":"sopran","embeddable":true,"href":"https:\/\/www.bachipedia.org\/es\/wp-json\/wp\/v2\/sopran?post=3368"},{"taxonomy":"tenor","embeddable":true,"href":"https:\/\/www.bachipedia.org\/es\/wp-json\/wp\/v2\/tenor?post=3368"}],"curies":[{"name":"wp","href":"https:\/\/api.w.org\/{rel}","templated":true}]}}

<p class="description">(Cómo podré abandonarte, oh Efraín) para soprano, contralto, tenor y bajo, corno da caccia, oboe I+II, fagot, cuerda, órgano y bajo continuo</p>
