

{"id":3375,"date":"2011-10-21T00:00:00","date_gmt":"2011-10-20T22:00:00","guid":{"rendered":"http:\/\/www.bachipedia.org\/kantaten\/bwv-96-herr-christ-der-einge-gottessohn\/"},"modified":"2022-07-29T10:33:44","modified_gmt":"2022-07-29T08:33:44","slug":"bwv-96-herr-christ-der-einge-gottessohn","status":"publish","type":"kantate","link":"https:\/\/www.bachipedia.org\/es\/obra\/bwv-96-herr-christ-der-einge-gottessohn\/","title":{"rendered":"Herr Christ, der einge Gottessohn"},"content":{"rendered":"<p class=\"description\">(Jes\u00fas, unig\u00e9nito de Dios) para soprano, contralto, tenor y bajo, conjunto vocal, tromb\u00f3n, flauto piccolo, traverso, oboe I+II, fagot, cuerda y continuo<\/p>\n","protected":false},"featured_media":1372,"template":"","altus":[2862],"bwv":[3099],"referenten":[3399],"sopran":[2851],"tenor":[2932],"class_list":["post-3375","kantate","type-kantate","status-publish","has-post-thumbnail","hentry","altus-boerner-jan-es","bass-friedrich-matthias-wolf-es","bwv-96-es","referenten-camartin-iso-es","sonntag-62-para-el-decimoctavo-domingo-despues-de-la-trinidad","sopran-nad-sohn-noemi-es","tenor-mammel-joerg-hans-es"],"acf":[],"_links":{"self":[{"href":"https:\/\/www.bachipedia.org\/es\/wp-json\/wp\/v2\/kantate\/3375","targetHints":{"allow":["GET"]}}],"collection":[{"href":"https:\/\/www.bachipedia.org\/es\/wp-json\/wp\/v2\/kantate"}],"about":[{"href":"https:\/\/www.bachipedia.org\/es\/wp-json\/wp\/v2\/types\/kantate"}],"wp:featuredmedia":[{"embeddable":true,"href":"https:\/\/www.bachipedia.org\/es\/wp-json\/wp\/v2\/media\/1372"}],"wp:attachment":[{"href":"https:\/\/www.bachipedia.org\/es\/wp-json\/wp\/v2\/media?parent=3375"}],"wp:term":[{"taxonomy":"altus","embeddable":true,"href":"https:\/\/www.bachipedia.org\/es\/wp-json\/wp\/v2\/altus?post=3375"},{"taxonomy":"bwv","embeddable":true,"href":"https:\/\/www.bachipedia.org\/es\/wp-json\/wp\/v2\/bwv?post=3375"},{"taxonomy":"referenten","embeddable":true,"href":"https:\/\/www.bachipedia.org\/es\/wp-json\/wp\/v2\/referenten?post=3375"},{"taxonomy":"sopran","embeddable":true,"href":"https:\/\/www.bachipedia.org\/es\/wp-json\/wp\/v2\/sopran?post=3375"},{"taxonomy":"tenor","embeddable":true,"href":"https:\/\/www.bachipedia.org\/es\/wp-json\/wp\/v2\/tenor?post=3375"}],"curies":[{"name":"wp","href":"https:\/\/api.w.org\/{rel}","templated":true}]}}

<p class="description">(Jesús, unigénito de Dios) para soprano, contralto, tenor y bajo, conjunto vocal, trombón, flauto piccolo, traverso, oboe I+II, fagot, cuerda y continuo</p>
