

{"id":3430,"date":"2015-03-20T00:00:00","date_gmt":"2015-03-19T23:00:00","guid":{"rendered":"http:\/\/www.bachipedia.org\/kantaten\/bwv-198-lass-fuerstin-lass-noch-einen-strahl\/"},"modified":"2021-01-11T17:37:12","modified_gmt":"2021-01-11T16:37:12","slug":"bwv-198-lass-fuerstin-lass-noch-einen-strahl","status":"publish","type":"kantate","link":"https:\/\/www.bachipedia.org\/es\/obra\/bwv-198-lass-fuerstin-lass-noch-einen-strahl\/","title":{"rendered":"La\u00df, F\u00fcrstin, la\u00df noch einen Strahl"},"content":{"rendered":"<p class=\"description\">(Deja, princesa, deja un rayo m\u00e1s) para soprano, contralto, tenor y bajo, conjunto vocal, traverso I + II, oboe d\u2019amore I + II, viola da gamba I + II, la\u00fad I + II, cuerdas y bajo continuo<\/p>\n","protected":false},"featured_media":1273,"template":"","altus":[2896],"bwv":[3268],"referenten":[3660],"sopran":[2835],"tenor":[2906],"class_list":["post-3430","kantate","type-kantate","status-publish","has-post-thumbnail","hentry","altus-laabs-annekathrin-es","bass-walser-manuel-es","bwv-198-es-2","referenten-urweider-andreas-es","sonntag-81-oda-funebre","sopran-rubens-sibylla-es","tenor-berchtold-bernhard-es"],"acf":[],"_links":{"self":[{"href":"https:\/\/www.bachipedia.org\/es\/wp-json\/wp\/v2\/kantate\/3430","targetHints":{"allow":["GET"]}}],"collection":[{"href":"https:\/\/www.bachipedia.org\/es\/wp-json\/wp\/v2\/kantate"}],"about":[{"href":"https:\/\/www.bachipedia.org\/es\/wp-json\/wp\/v2\/types\/kantate"}],"wp:featuredmedia":[{"embeddable":true,"href":"https:\/\/www.bachipedia.org\/es\/wp-json\/wp\/v2\/media\/1273"}],"wp:attachment":[{"href":"https:\/\/www.bachipedia.org\/es\/wp-json\/wp\/v2\/media?parent=3430"}],"wp:term":[{"taxonomy":"altus","embeddable":true,"href":"https:\/\/www.bachipedia.org\/es\/wp-json\/wp\/v2\/altus?post=3430"},{"taxonomy":"bwv","embeddable":true,"href":"https:\/\/www.bachipedia.org\/es\/wp-json\/wp\/v2\/bwv?post=3430"},{"taxonomy":"referenten","embeddable":true,"href":"https:\/\/www.bachipedia.org\/es\/wp-json\/wp\/v2\/referenten?post=3430"},{"taxonomy":"sopran","embeddable":true,"href":"https:\/\/www.bachipedia.org\/es\/wp-json\/wp\/v2\/sopran?post=3430"},{"taxonomy":"tenor","embeddable":true,"href":"https:\/\/www.bachipedia.org\/es\/wp-json\/wp\/v2\/tenor?post=3430"}],"curies":[{"name":"wp","href":"https:\/\/api.w.org\/{rel}","templated":true}]}}

Laß, Fürstin, laß noch einen Strahl

<p class="description">(Deja, princesa, deja un rayo más) para soprano, contralto, tenor y bajo, conjunto vocal, traverso I + II, oboe d’amore I + II, viola da gamba I + II, laúd I + II, cuerdas y bajo continuo</p>
