

{"id":88161,"date":"2021-01-15T21:00:53","date_gmt":"2021-01-15T20:00:53","guid":{"rendered":"https:\/\/www.bachipedia.org\/?post_type=kantate&#038;p=88161"},"modified":"2021-11-11T08:49:54","modified_gmt":"2021-11-11T07:49:54","slug":"bwv-065-sie-werden-aus-saba-alle-kommen","status":"publish","type":"kantate","link":"https:\/\/www.bachipedia.org\/es\/obra\/bwv-065-sie-werden-aus-saba-alle-kommen\/","title":{"rendered":"Sie werden aus Saba alle kommen"},"content":{"rendered":"<p class=\"description\">(Vendr\u00e1n todos los de Sab\u00e1) para la fiesta de la Epifan\u00eda, para tenor y bajo, conjunto vocal, trompa I+II, flauta I+II, oboe da caccia I+II, cuerdas y bajo continuo<\/p>\n","protected":false},"featured_media":88131,"template":"","altus":[],"bwv":[3915],"referenten":[3918],"sopran":[],"tenor":[2928],"class_list":["post-88161","kantate","type-kantate","status-publish","has-post-thumbnail","hentry","bass-noack-sebastian-es","bwv-065-es","referenten-hoyer-arend-es","sonntag-13-epifania","tenor-poplutz-georg-es"],"acf":[],"_links":{"self":[{"href":"https:\/\/www.bachipedia.org\/es\/wp-json\/wp\/v2\/kantate\/88161","targetHints":{"allow":["GET"]}}],"collection":[{"href":"https:\/\/www.bachipedia.org\/es\/wp-json\/wp\/v2\/kantate"}],"about":[{"href":"https:\/\/www.bachipedia.org\/es\/wp-json\/wp\/v2\/types\/kantate"}],"wp:featuredmedia":[{"embeddable":true,"href":"https:\/\/www.bachipedia.org\/es\/wp-json\/wp\/v2\/media\/88131"}],"wp:attachment":[{"href":"https:\/\/www.bachipedia.org\/es\/wp-json\/wp\/v2\/media?parent=88161"}],"wp:term":[{"taxonomy":"altus","embeddable":true,"href":"https:\/\/www.bachipedia.org\/es\/wp-json\/wp\/v2\/altus?post=88161"},{"taxonomy":"bwv","embeddable":true,"href":"https:\/\/www.bachipedia.org\/es\/wp-json\/wp\/v2\/bwv?post=88161"},{"taxonomy":"referenten","embeddable":true,"href":"https:\/\/www.bachipedia.org\/es\/wp-json\/wp\/v2\/referenten?post=88161"},{"taxonomy":"sopran","embeddable":true,"href":"https:\/\/www.bachipedia.org\/es\/wp-json\/wp\/v2\/sopran?post=88161"},{"taxonomy":"tenor","embeddable":true,"href":"https:\/\/www.bachipedia.org\/es\/wp-json\/wp\/v2\/tenor?post=88161"}],"curies":[{"name":"wp","href":"https:\/\/api.w.org\/{rel}","templated":true}]}}

<p class="description">(Vendrán todos los de Sabá) para la fiesta de la Epifanía, para tenor y bajo, conjunto vocal, trompa I+II, flauta I+II, oboe da caccia I+II, cuerdas y bajo continuo</p>
